
What is the remainder when 348 is divided by 83?
16
Calculate the remainder when 1341 is divided by 28.
25
What is the remainder when 825 is divided by 166?
161
Calculate the remainder when 23068 is divided by 5.
3
What is the remainder when 1223 is divided by 1219?
4
What is the remainder when 1242 is divided by 51?
18
What is the remainder when 97 is divided by 20?
17
Calculate the remainder when 236 is divided by 83.
70
What is the remainder when 47 is divided by 3?
2
Calculate the remainder when 340 is divided by 11.
10
Calculate the remainder when 141 is divided by 13.
11
What is the remainder when 837 is divided by 14?
11
Calculate the remainder when 102 is divided by 21.
18
What is the remainder when 1072 is divided by 253?
60
Calculate the remainder when 4401 is divided by 71.
70
Calculate the remainder when 323 is divided by 42.
29
Calculate the remainder when 330 is divided by 38.
26
Calculate the remainder when 51 is divided by 24.
3
Calculate the remainder when 4199 is divided by 280.
279
What is the remainder when 1533 is divided by 70?
63
Calculate the remainder when 18448 is divided by 25.
23
What is the remainder when 112 is divided by 15?
7
Calculate the remainder when 88 is divided by 10.
8
Calculate the remainder when 297 is divided by 60.
57
What is the remainder when 2128 is divided by 52?
48
What is the remainder when 709 is divided by 23?
19
What is the remainder when 1935 is divided by 44?
43
What is the remainder when 38 is divided by 18?
2
What is the remainder when 108 is divided by 16?
12
Calculate the remainder when 1481 is divided by 19.
18
Calculate the remainder when 859 is divided by 15.
4
What is the remainder when 437 is divided by 264?
173
What is the remainder when 350 is divided by 17?
10
Calculate the remainder when 3624 is divided by 39.
36
What is the remainder when 88 is divided by 39?
10
Calculate the remainder when 149 is divided by 20.
9
Calculate the remainder when 65 is divided by 58.
7
Calculate the remainder when 343 is divided by 70.
63
What is the remainder when 861 is divided by 213?
9
Calculate the remainder when 112 is divided by 60.
52
Calculate the remainder when 209 is divided by 107.
102
What is the remainder when 46 is divided by 11?
2
What is the remainder when 170 is divided by 57?
56
Calculate the remainder when 6553 is divided by 113.
112
Calculate the remainder when 353 is divided by 21.
17
What is the remainder when 58 is divided by 10?
8
What is the remainder when 99 is divided by 18?
9
Calculate the remainder when 258 is divided by 67.
57
What is the remainder when 256 is divided by 67?
55
Calculate the remainder when 1618 is divided by 2.
0
Calculate the remainder when 100 is divided by 10.
0
What is the remainder when 455 is divided by 24?
23
What is the remainder when 158 is divided by 16?
14
What is the remainder when 7097 is divided by 22?
13
What is the remainder when 307 is divided by 39?
34
What is the remainder when 987 is divided by 104?
51
Calculate the remainder when 642 is divided by 59.
52
Calculate the remainder when 861 is divided by 70.
21
What is the remainder when 15597 is divided by 8?
5
What is the remainder when 88 is divided by 13?
10
Calculate the remainder when 48 is divided by 19.
10
Calculate the remainder when 878 is divided by 18.
14
Calculate the remainder when 2794 is divided by 85.
74
What is the remainder when 2555 is divided by 71?
70
What is the remainder when 18519 is divided by 27?
24
Calculate the remainder when 870 is divided by 43.
10
What is the remainder when 2208 is divided by 33?
30
What is the remainder when 319 is divided by 83?
70
What is the remainder when 471 is divided by 34?
29
Calculate the remainder when 85 is divided by 22.
19
What is the remainder when 2699 is divided by 18?
17
What is the remainder when 30 is divided by 12?
6
Calculate the remainder when 522 is divided by 31.
26
What is the remainder when 1369 is divided by 51?
43
Calculate the remainder when 387 is divided by 130.
127
What is the remainder when 268 is divided by 8?
4
What is the remainder when 3687 is divided by 6?
3
Calculate the remainder when 75 is divided by 1.
0
What is the remainder when 9 is divided by 6?
3
Calculate the remainder when 692 is divided by 100.
92
Calculate the remainder when 24 is divided by 13.
11
Calculate the remainder when 7983 is divided by 16.
15
Calculate the remainder when 343 is divided by 327.
16
What is the remainder when 302 is divided by 44?
38
Calculate the remainder when 48 is divided by 40.
8
Calculate the remainder when 2305 is divided by 291.
268
What is the remainder when 47 is divided by 19?
9
Calculate the remainder when 3337 is divided by 9.
7
What is the remainder when 2306 is divided by 22?
18
Calculate the remainder when 889 is divided by 17.
5
What is the remainder when 285 is divided by 12?
9
Calculate the remainder when 81 is divided by 14.
11
Calculate the remainder when 122 is divided by 38.
8
Calculate the remainder when 263 is divided by 21.
11
Calculate the remainder when 550 is divided by 282.
268
Calculate the remainder when 579 is divided by 360.
219
Calculate the remainder when 8705 is divided by 2173.
13
What is the remainder when 1198 is divided by 10?
8
What is the remainder when 31 is divided by 24?
7
Calculate the remainder when 171 is divided by 45.
36
Calculate the remainder when 307 is divided by 77.
76
What is the remainder when 63 is divided by 18?
9
Calculate the remainder when 12824 is divided by 101.
98
What is the remainder when 124 is divided by 64?
60
Calculate the remainder when 255 is divided by 9.
3
Calculate the remainder when 549 is divided by 79.
75
Calculate the remainder when 290 is divided by 69.
14
Calculate the remainder when 64 is divided by 13.
12
Calculate the remainder when 1064 is divided by 13.
11
Calculate the remainder when 3537 is divided by 58.
57
Calculate the remainder when 182 is divided by 43.
10
What is the remainder when 64 is divided by 34?
30
What is the remainder when 2605 is divided by 512?
45
Calculate the remainder when 997 is divided by 207.
169
Calculate the remainder when 471 is divided by 79.
76
Calculate the remainder when 156 is divided by 80.
76
Calculate the remainder when 109 is divided by 29.
22
What is the remainder when 47 is divided by 27?
20
What is the remainder when 990 is divided by 52?
2
What is the remainder when 73 is divided by 16?
9
What is the remainder when 276 is divided by 39?
3
What is the remainder when 725 is divided by 232?
29
Calculate the remainder when 422 is divided by 47.
46
Calculate the remainder when 1759 is divided by 580.
19
Calculate the remainder when 4813 is divided by 14.
11
What is the remainder when 883 is divided by 206?
59
Calculate the remainder when 19 is divided by 10.
9
What is the remainder when 88 is divided by 71?
17
Calculate the remainder when 501 is divided by 24.
21
What is the remainder when 167 is divided by 14?
13
What is the remainder when 151 is divided by 11?
8
What is the remainder when 306 is divided by 99?
9
Calculate the remainder when 2867 is divided by 251.
106
What is the remainder when 2235 is divided by 90?
75
What is the remainder when 156 is divided by 24?
12
What is the remainder when 5112 is divided by 1699?
15
Calculate the remainder when 2 is divided by 2.
0
What is the remainder when 253 is divided by 65?
58
Calculate the remainder when 594 is divided by 30.
24
Calculate the remainder when 230 is divided by 77.
76
What is the remainder when 28 is divided by 26?
2
What is the remainder when 77 is divided by 8?
5
Calculate the remainder when 81 is divided by 45.
36
Calculate the remainder when 118 is divided by 7.
6
What is the remainder when 35 is divided by 12?
11
Calculate the remainder when 667 is divided by 96.
91
Calculate the remainder when 1531 is divided by 16.
11
What is the remainder when 655 is divided by 11?
6
Calculate the remainder when 71 is divided by 15.
11
What is the remainder when 1902 is divided by 15?
12
What is the remainder when 173 is divided by 60?
53
What is the remainder when 3245 is divided by 116?
113
Calculate the remainder when 18 is divided by 10.
8
Calculate the remainder when 857 is divided by 17.
7
Calculate the remainder when 57